{"id":86,"date":"2022-02-24T17:05:59","date_gmt":"2022-02-24T17:05:59","guid":{"rendered":"https:\/\/nollatruellar.at\/cms\/?page_id=86"},"modified":"2024-11-14T13:12:22","modified_gmt":"2024-11-14T13:12:22","slug":"1998-gebhard-herma","status":"publish","type":"page","link":"https:\/\/nollatruellar.at\/cms\/unsere-altprinzessinnenpaare\/1998-gebhard-herma\/","title":{"rendered":"1998 &#8211; Gebhard &#038; Herma"},"content":{"rendered":"<div class=\"wp-block-image\">\n<figure class=\"aligncenter size-full\"><img loading=\"lazy\" decoding=\"async\" width=\"993\" height=\"1480\" src=\"https:\/\/nollatruellar.at\/cms\/wp-content\/uploads\/2024\/11\/Guggamesse-Hoechst001.jpg\" alt=\"\" class=\"wp-image-527\" srcset=\"https:\/\/nollatruellar.at\/cms\/wp-content\/uploads\/2024\/11\/Guggamesse-Hoechst001.jpg 993w, https:\/\/nollatruellar.at\/cms\/wp-content\/uploads\/2024\/11\/Guggamesse-Hoechst001-201x300.jpg 201w, https:\/\/nollatruellar.at\/cms\/wp-content\/uploads\/2024\/11\/Guggamesse-Hoechst001-687x1024.jpg 687w, https:\/\/nollatruellar.at\/cms\/wp-content\/uploads\/2024\/11\/Guggamesse-Hoechst001-768x1145.jpg 768w\" sizes=\"auto, (max-width: 767px) 89vw, (max-width: 1000px) 54vw, (max-width: 1071px) 543px, 580px\" \/><figcaption class=\"wp-element-caption\">1997 &#8211; Gebhard und Herma<\/figcaption><\/figure>\n<\/div>\n\n\n<p><strong>Prinz Gebhard I. Nollatr\u00fcllar III.<\/strong><br>Bauer von der Halde, <br>Herrscher \u00fcber K\u00fche, Wiesen und W\u00e4lder, <br>Kammerk\u00e4mpfer f\u00fcr Berg und Tal,<br>Landnachtsabgeordneter und Exfreund des Agrarkommiss\u00e4r,<br>Obmann der blasenden Fluhar<\/p>\n\n\n\n<p><strong>Ihre Lieblichkeit Prinzessin Herma I.<\/strong><br>von Dorenbieren zur Gr\u00fcnen Au, <br>Herrscherin \u00fcber Haus, Hof und Hund, <br>Gro\u00dfmeisterin der flinken Nadel,<br>Sonnt\u00e4gliche Fr\u00fchschopperin auf dem Laufsteg vom Kirchplatz zum<br>Adlerhorst<\/p>\n","protected":false},"excerpt":{"rendered":"<p>Prinz Gebhard I. Nollatr\u00fcllar III.Bauer von der Halde, Herrscher \u00fcber K\u00fche, Wiesen und W\u00e4lder, Kammerk\u00e4mpfer f\u00fcr Berg und Tal,Landnachtsabgeordneter und Exfreund des Agrarkommiss\u00e4r,Obmann der blasenden Fluhar Ihre Lieblichkeit Prinzessin Herma I.von Dorenbieren zur Gr\u00fcnen Au, Herrscherin \u00fcber Haus, Hof und Hund, Gro\u00dfmeisterin der flinken Nadel,Sonnt\u00e4gliche Fr\u00fchschopperin auf dem Laufsteg vom Kirchplatz zumAdlerhorst<\/p>\n","protected":false},"author":1,"featured_media":0,"parent":579,"menu_order":0,"comment_status":"closed","ping_status":"closed","template":"","meta":{"footnotes":""},"class_list":["post-86","page","type-page","status-publish","hentry"],"_links":{"self":[{"href":"https:\/\/nollatruellar.at\/cms\/wp-json\/wp\/v2\/pages\/86","targetHints":{"allow":["GET"]}}],"collection":[{"href":"https:\/\/nollatruellar.at\/cms\/wp-json\/wp\/v2\/pages"}],"about":[{"href":"https:\/\/nollatruellar.at\/cms\/wp-json\/wp\/v2\/types\/page"}],"author":[{"embeddable":true,"href":"https:\/\/nollatruellar.at\/cms\/wp-json\/wp\/v2\/users\/1"}],"replies":[{"embeddable":true,"href":"https:\/\/nollatruellar.at\/cms\/wp-json\/wp\/v2\/comments?post=86"}],"version-history":[{"count":2,"href":"https:\/\/nollatruellar.at\/cms\/wp-json\/wp\/v2\/pages\/86\/revisions"}],"predecessor-version":[{"id":528,"href":"https:\/\/nollatruellar.at\/cms\/wp-json\/wp\/v2\/pages\/86\/revisions\/528"}],"up":[{"embeddable":true,"href":"https:\/\/nollatruellar.at\/cms\/wp-json\/wp\/v2\/pages\/579"}],"wp:attachment":[{"href":"https:\/\/nollatruellar.at\/cms\/wp-json\/wp\/v2\/media?parent=86"}],"curies":[{"name":"wp","href":"https:\/\/api.w.org\/{rel}","templated":true}]}}