{"id":130,"date":"2022-02-24T17:55:12","date_gmt":"2022-02-24T17:55:12","guid":{"rendered":"https:\/\/nollatruellar.at\/cms\/?page_id=130"},"modified":"2024-11-19T07:37:05","modified_gmt":"2024-11-19T07:37:05","slug":"2016-matze-daniela","status":"publish","type":"page","link":"https:\/\/nollatruellar.at\/cms\/unsere-altprinzessinnenpaare\/2016-matze-daniela\/","title":{"rendered":"2016 &#8211; Matze &#038; Daniela"},"content":{"rendered":"\n<figure class=\"wp-block-image size-full is-style-rounded\"><img loading=\"lazy\" decoding=\"async\" width=\"680\" height=\"1024\" src=\"https:\/\/nollatruellar.at\/cms\/wp-content\/uploads\/2022\/02\/2016_MatthiasDaniela.jpg\" alt=\"2016 - Matze &amp; Daniela\" class=\"wp-image-50\" srcset=\"https:\/\/nollatruellar.at\/cms\/wp-content\/uploads\/2022\/02\/2016_MatthiasDaniela.jpg 680w, https:\/\/nollatruellar.at\/cms\/wp-content\/uploads\/2022\/02\/2016_MatthiasDaniela-199x300.jpg 199w\" sizes=\"auto, (max-width: 680px) 100vw, 680px\" \/><figcaption class=\"wp-element-caption\">2016 &#8211; Matze &amp; Daniela<\/figcaption><\/figure>\n\n\n\n<p><strong>Prinz Matthias I., Nollatr\u00fcllar XXI.<br><\/strong>Edler Erstgeborener Enkel des Sieberclans von und zu Unterfluh<br>Stahlharter Bezwinger von Wasserrohrbr\u00fcchen und Schneechaos<br>Tuning des GTI<\/p>\n\n\n\n<p><strong>Ihre Lieblichkeit Prinzessin Daniela I.<br><\/strong>Edle j\u00fcngste Sprossin der Preussschen Familie von und zu Buch<br>Gnadenlose Herrin \u00fcber Schiffspatente und Bootszulassungen sowie Strafbescheiden<br>Gnadenlose Verfasserin von Strafbescheiden<br>Herzliche Skilehrerin von Skizwergen und Schneefl\u00f6hen<\/p>\n\n\n\n<p>&nbsp;sowie Infantin Laura<\/p>\n","protected":false},"excerpt":{"rendered":"<p>Prinz Matthias I., Nollatr\u00fcllar XXI.Edler Erstgeborener Enkel des Sieberclans von und zu UnterfluhStahlharter Bezwinger von Wasserrohrbr\u00fcchen und SchneechaosTuning des GTI Ihre Lieblichkeit Prinzessin Daniela I.Edle j\u00fcngste Sprossin der Preussschen Familie von und zu BuchGnadenlose Herrin \u00fcber Schiffspatente und Bootszulassungen sowie StrafbescheidenGnadenlose Verfasserin von StrafbescheidenHerzliche Skilehrerin von Skizwergen und Schneefl\u00f6hen &nbsp;sowie Infantin Laura<\/p>\n","protected":false},"author":1,"featured_media":0,"parent":579,"menu_order":0,"comment_status":"closed","ping_status":"closed","template":"","meta":{"footnotes":""},"class_list":["post-130","page","type-page","status-publish","hentry"],"_links":{"self":[{"href":"https:\/\/nollatruellar.at\/cms\/wp-json\/wp\/v2\/pages\/130","targetHints":{"allow":["GET"]}}],"collection":[{"href":"https:\/\/nollatruellar.at\/cms\/wp-json\/wp\/v2\/pages"}],"about":[{"href":"https:\/\/nollatruellar.at\/cms\/wp-json\/wp\/v2\/types\/page"}],"author":[{"embeddable":true,"href":"https:\/\/nollatruellar.at\/cms\/wp-json\/wp\/v2\/users\/1"}],"replies":[{"embeddable":true,"href":"https:\/\/nollatruellar.at\/cms\/wp-json\/wp\/v2\/comments?post=130"}],"version-history":[{"count":3,"href":"https:\/\/nollatruellar.at\/cms\/wp-json\/wp\/v2\/pages\/130\/revisions"}],"predecessor-version":[{"id":594,"href":"https:\/\/nollatruellar.at\/cms\/wp-json\/wp\/v2\/pages\/130\/revisions\/594"}],"up":[{"embeddable":true,"href":"https:\/\/nollatruellar.at\/cms\/wp-json\/wp\/v2\/pages\/579"}],"wp:attachment":[{"href":"https:\/\/nollatruellar.at\/cms\/wp-json\/wp\/v2\/media?parent=130"}],"curies":[{"name":"wp","href":"https:\/\/api.w.org\/{rel}","templated":true}]}}