{"id":124,"date":"2022-02-24T17:47:58","date_gmt":"2022-02-24T17:47:58","guid":{"rendered":"https:\/\/nollatruellar.at\/cms\/?page_id=124"},"modified":"2024-11-14T13:13:48","modified_gmt":"2024-11-14T13:13:48","slug":"2014-mario-mariette","status":"publish","type":"page","link":"https:\/\/nollatruellar.at\/cms\/unsere-altprinzessinnenpaare\/2014-mario-mariette\/","title":{"rendered":"2014 &#8211; Mario &#038; Mariette"},"content":{"rendered":"\n<div class=\"wp-block-image\"><figure class=\"aligncenter size-full is-resized\"><img loading=\"lazy\" decoding=\"async\" src=\"https:\/\/nollatruellar.at\/cms\/wp-content\/uploads\/2022\/02\/2014_MarioMariette.jpg\" alt=\"2014 -Mario &amp; Mariette\" class=\"wp-image-48\" width=\"390\" height=\"519\" srcset=\"https:\/\/nollatruellar.at\/cms\/wp-content\/uploads\/2022\/02\/2014_MarioMariette.jpg 768w, https:\/\/nollatruellar.at\/cms\/wp-content\/uploads\/2022\/02\/2014_MarioMariette-225x300.jpg 225w\" sizes=\"auto, (max-width: 390px) 100vw, 390px\" \/><\/figure><\/div>\n\n\n\n<p><strong>Prinz Mario I. Nollatr\u00fcllar XIX<\/strong><em>.<\/em><\/p>\n\n\n\n<p><em>Erstgeborener Knabe von vier Infanten der edlen Grafschaft vom Geschlecht der \u201eGassers\u201c,<\/em><br><em>Stahlharter Herrscher \u00fcber das Fluher Dschungelparadies \u2013<br>K\u00fchnster Beweger vom Reich der Erde und Gestalter von Landschaften!<br>Bezwinger der Berge und der L\u00fcfte,<br>der du dich erfreust an exotischen Urlaubsorten und edlen Tropfen!<\/em><\/p>\n\n\n\n<p><strong>Lieblichkeit Prinzessin Mariette I.<\/strong><\/p>\n\n\n\n<p>F\u00fcnfte aller Geborenen vom Geschlecht der Kreuz-B\u00f6hlers,<br>friedh\u00f6flich aufgewachsen in Schwarzach.<br>Sportliche Jongleurin von Zahlen und Budgets<br>im hohen Hause des Landes Vorarlberg.<br>Eroberin von fremden L\u00e4ndern und<br>naturliebhabende Abenteurerin zu Lande, zu Wasser und zu Luft.<\/p>\n","protected":false},"excerpt":{"rendered":"<p>Prinz Mario I. Nollatr\u00fcllar XIX. Erstgeborener Knabe von vier Infanten der edlen Grafschaft vom Geschlecht der \u201eGassers\u201c,Stahlharter Herrscher \u00fcber das Fluher Dschungelparadies \u2013K\u00fchnster Beweger vom Reich der Erde und Gestalter von Landschaften!Bezwinger der Berge und der L\u00fcfte,der du dich erfreust an exotischen Urlaubsorten und edlen Tropfen! Lieblichkeit Prinzessin Mariette I. F\u00fcnfte aller Geborenen vom Geschlecht &hellip; <\/p>\n<p class=\"link-more\"><a href=\"https:\/\/nollatruellar.at\/cms\/unsere-altprinzessinnenpaare\/2014-mario-mariette\/\" class=\"more-link\"><span class=\"screen-reader-text\">\u201e2014 &#8211; Mario &#038; Mariette\u201c<\/span> weiterlesen<\/a><\/p>\n","protected":false},"author":1,"featured_media":0,"parent":579,"menu_order":0,"comment_status":"closed","ping_status":"closed","template":"","meta":{"footnotes":""},"class_list":["post-124","page","type-page","status-publish","hentry"],"_links":{"self":[{"href":"https:\/\/nollatruellar.at\/cms\/wp-json\/wp\/v2\/pages\/124","targetHints":{"allow":["GET"]}}],"collection":[{"href":"https:\/\/nollatruellar.at\/cms\/wp-json\/wp\/v2\/pages"}],"about":[{"href":"https:\/\/nollatruellar.at\/cms\/wp-json\/wp\/v2\/types\/page"}],"author":[{"embeddable":true,"href":"https:\/\/nollatruellar.at\/cms\/wp-json\/wp\/v2\/users\/1"}],"replies":[{"embeddable":true,"href":"https:\/\/nollatruellar.at\/cms\/wp-json\/wp\/v2\/comments?post=124"}],"version-history":[{"count":1,"href":"https:\/\/nollatruellar.at\/cms\/wp-json\/wp\/v2\/pages\/124\/revisions"}],"predecessor-version":[{"id":125,"href":"https:\/\/nollatruellar.at\/cms\/wp-json\/wp\/v2\/pages\/124\/revisions\/125"}],"up":[{"embeddable":true,"href":"https:\/\/nollatruellar.at\/cms\/wp-json\/wp\/v2\/pages\/579"}],"wp:attachment":[{"href":"https:\/\/nollatruellar.at\/cms\/wp-json\/wp\/v2\/media?parent=124"}],"curies":[{"name":"wp","href":"https:\/\/api.w.org\/{rel}","templated":true}]}}